46940961?
7
What is the thousands digit of 62230042?
0
What is the hundreds digit of 4501308385?
3
What is the millions digit of 149617267?
9
What is the ten millions digit of 36383079?
3
What is the thousands digit of 111055975?
5
What is the hundreds digit of 90396293?
2
What is the millions digit of 5788307931?
8
What is the hundred millions digit of 180936282?
1
What is the hundreds digit of 64900129?
1
What is the hundreds digit of 555453158?
1
What is the ten thousands digit of 50318560?
1
What is the millions digit of 37663667?
7
What is the ten millions digit of 2737036119?
3
What is the ten thousands digit of 166384361?
8
What is the tens digit of 2325814140?
4
What is the hundred thousands digit of 41617339?
6
What is the ten thousands digit of 99994191?
9
What is the units digit of 5233195010?
0
What is the ten millions digit of 713492299?
1
What is the thousands digit of 77124670?
4
What is the units digit of 425075075?
5
What is the units digit of 328601659?
9
What is the millions digit of 1803951027?
3
What is the tens digit of 406710071?
7
What is the hundreds digit of 49210878?
8
What is the ten thousands digit of 59021694?
2
What is the millions digit of 27460644?
7
What is the millions digit of 213130864?
3
What is the hundreds digit of 509276273?
2
What is the hundred thousands digit of 21880640?
8
What is the ten thousands digit of 374147357?
4
What is the units digit of 40341795?
5
What is the units digit of 40929023?
3
What is the hundreds digit of 648766275?
2
What is the ten millions digit of 95339960?
9
What is the ten thousands digit of 79833631?
3
What is the ten millions digit of 390098204?
9
What is the hundred millions digit of 125447992?
1
What is the hundred thousands digit of 267899323?
8
What is the ten millions digit of 862031509?
6
What is the billions digit of 1524358708?
1
What is the ten thousands digit of 4321054047?
5
What is the hundred thousands digit of 696115050?
1
What is the millions digit of 2615816556?
5
What is the hundred thousands digit of 3124247280?
2
What is the thousands digit of 22743585?
3
What is the thousands digit of 58960317?
0
What is the thousands digit of 17477383?
7
What is the ten thousands digit of 281207894?
0
What is the ten thousands digit of 4110180696?
8
What is the tens digit of 1070361733?
3
What is the thousands digit of 990981180?
1
What is the units digit of 28638503?
3
What is the thousands digit of 266495478?
5
What is the ten thousands digit of 129085798?
8
What is the hundred thousands digit of 2894592037?
5
What is the hundred millions digit of 797210249?
7
What is the thousands digit of 69693126?
3
What is the ten thousands digit of 80526233?
2
What is the tens digit of 158998879?
7
What is the units digit of 69877512?
2
What is the ten thousands digit of 296814476?
1
What is the hundred thousands digit of 76343255?
3
What is the tens digit of 9631804?
0
What is the hundreds digit of 869051300?
3
What is the millions digit of 467378342?
7
What is the millions digit of 5654282857?
4
What is the units digit of 101204864?
4
What is the units digit of 52441916?
6
What is the ten thousands digit of 1468287550?
8
What is the hundreds digit of 541495515?
5
What is the tens digit of 66951301?
0
What is the units digit of 63680728?
8
What is the billions digit of 1120421283?
1
What is the units digit of 75965005?
5
What is the ten millions digit of 55134443?
5
What is the millions digit of 87203065?
7
What is the hundred thousands digit of 7399291067?
2
What is the ten thousands digit of 27492707?
9
What is the millions digit of 9046726?
9
What is the tens digit of 52213463?
6
What is the hundreds digit of 7261138?
1
What is the ten thousands digit of 9635142?
3
What is the thousands digit of 345907357?
7
What is the hundred thousands digit of 540062712?
0
What is the hundreds digit of 208054693?
6
What is the ten millions digit of 233252349?
3
What is the millions digit of 8767250?
8
What is the hundred millions digit of 414191775?
4
What is the millions digit of 5750800667?
0
What is the ten thousands digit of 5771564767?
6
What is the units digit of 5657213794?
4
What is the tens digit of 169382644?
4
What is the millions digit of 376643755?
6
What is the units digit of 17695371?
1
What is the ten thousands digit of 71048895?
4
What is the millions digit of 1440900530?
0
What is the tens digit of 82592842?
4
What is the hundred thousands digit of 1852448114?
4
What is the hundred thousands digit of 392693081?
6
What is the hundred millions digit of 950103204?
9
What is the ten millions digit of 62759552?
6
What is the hundreds digit of 436622628?
6
What is the units digit of 384577611?
1
What is the billions digit of 8813392836?
8
What is the hundred thousands digit of 252015172?
0
What is the ten thousands digit of 118309188?
0
What is the units digit of 82093231?
1
What is the ten millions digit of 350315098?
5
What is the thousands digit of 68032239?
2
What is the ten thousands digit of 2932858012?
5
What is the millions digit of 3375036628?
5
What is the tens digit of 181093627?
2
What is the ten thousands digit of 61350497?
5
What is the thousands digit of 615670478?
0
What is the hundred thousands digit of 423095708?
0
What is the thousands digit of 22394208?
4
What is the millions digit of 79296143?
9
What is the hundreds digit of 160111213?
2
What is the thousands digit of 1501853735?
3
What is the hundred thousands digit of 1705540489?
5
What is the hundred millions digit of 1421546282?
4
What is the hundreds digit of 394863749?
7
What is the thousands digit of 144951575?
1
What is the units digit of 40875202?
2
What is the thousands digit of 51618673?
8
What is the ten millions digit of 259942943?
5
What is the units digit of 171397764?
4
What is the billions digit of 7172864709?
7
What is the hundred thousands digit of 183065285?
0
What is the tens digit of 3747572000?
0
What is the units digit of 16555621?
1
What is the hundreds digit of 87664981?
9
What is the ten thousands digit of 745788252?
8
What is the millions digit of 13234068?
3
What is the ten thousands digit of 8036814?
3
What is the ten millions digit of 424077488?
2
What is the units digit of 103896288?
8
What is the units digit of 17275434?
4
What is the thousands digit of 474455727?
5
What is the units digit of 5096551?
1
What is the ten millions digit of 73979296?
7
What is the millions digit of 1742390716?
2
What is the hundreds digit of 21754830?
8
What is the tens digit of 27629278?
7
What is the millions digit of 6076221193?
6
What is the hundred millions digit of 404788703?
4
What is the units digit of 43439672?
2
What is the millions digit of 1495528000?
5
What is the units digit of 616578793?
3
What is the thousands digit of 1464164626?
4
What is the units digit of 141288660?
0
What is the tens digit of 5850401466?
6
What is the ten thousands digit of 95647820?
4
What is the units digit of 3341199072?
2
What is the billions digit of 1081940839?
1
What is the hundreds digit of 25162066?
0
What is the hundreds digit of 189627774?
7
What is the tens digit of 183469710?
1
What is the millions digit of 12313044?
2
What is the tens digit of 20714819?
1
What is the tens digit of 105185630?
3
What is the thousands digit of 3452925256?
5
What is the tens digit of 603565470?
7
What is the ten millions digit of 836966383?
3
What is the thousands digit of 49540915?
0
What is the hundred thousands digit of 804167008?
1
What is the units digit of 601362022?
2
What is the millions digit of 37255494?
7
What is the hundred thousands digit of 1235815902?
8
What is the ten thousands digit of 35218507?
1
What is the hundred millions digit of 3998781345?
9
What is the ten millions digit of 188235803?
8
What is the hundred thousands digit of 203087333?
0
What is the thousands digit of 795575643?
5
What is the ten millions digit of 800649567?
0
What is the units digit of 93773416?
6
What is the hundreds digit of 83221140?
1
What is the ten millions digit of 1896263710?
9
What is the ten thousands digit of 10389852?
8
What is the hundred thousands digit of 77230675?
2
What is the hundreds digit of 14088280?
2
What is the ten thousands digit of 2259412?
5
What is the hundred thousands digit of 12281532